vative of -11*p**4/4 - p**2/2 + p - 234. Calculate v(1).
-11
Let w be 6*(-2)/8*-2. Let z be (-2)/w*(-18)/6. Let y(k) = 2*k**2 - 1 - k**2 + k**2 + z*k. Calculate y(2).
11
Suppose 6 = -7*x + 4*x. Let a = x + 6. Let i(z) = 3*z - 5. What is i(a)?
7
Let j(q) = -4*q**3 - 4*q**2 - 5*q - 8. Let f = 32 - 28. Let o(v) = 3*v**3 + 3*v**2 + 4*v + 8. Let b(g) = f*j(g) + 5*o(g). Give b(0).
8
Suppose 15 = -5*m, 5*g + 3*m - 26 - 10 = 0. Let c(s) be the third derivative of s**4/12 + 7*s**3/6 + 11*s**2. Give c(g).
25
Suppose -63 = 3*y - 33. Let f(k) = k**2 + 10*k + 1. Determine f(y).
1
Let i = 27 - 13. Let w(u) = 5*u + i*u**2 - 10*u**2 + 3*u**3 - 3*u - 8*u**2 + 1. Calculate w(2).
13
Let r(k) = 2*k - 3*k + 218 - 219. Suppose 3*q = -1 + 4. What is r(q)?
-2
Let o(q) = -2*q**2 + 2*q - 2. Let y(l) = -14*l**2 - 4*l - 3 + 13*l**2 - 2 + 4. Let i be y(-3). Give o(i).
-6
Let g(d) = -8*d**3 - 2*d**2 + 3*d + 7*d**3 - 5 - 3*d**2. Give g(-6).
13
Let y = -11 + 8. Let g(l) be the third derivative of -l**6/120 - l**5/12 - l**4/6 - l**3/3 - 482*l**2. Determine g(y).
-8
Let q(k) = k**3 + k**2 - 2*k + 1. Let f(b) = 15*b + 432. Let w be f(-29). What is q(w)?
-11
Let u(i) be the second derivative of -i**3/3 - 9*i**2/2 + 3*i + 3. Calculate u(-7).
5
Suppose 4*r + 3*n + 27 = 0, 2*r - 4*n + 5*n + 15 = 0. Let t(u) = 2*u + 23. Calculate t(r).
5
Suppose 2*y = -10 + 12. Suppose -5 = 2*g - y. Let h(x) be the first derivative of -x**4/4 + 2*x**3/3 - 1. Determine h(g).
16
Let n(y) = -10*y - y**2 + 0*y - 5 + 1 - y + 5*y. Calculate n(-2).
4
Let l be (-20 - -2) + (-220)/(-20). Let z(u) = u**3 + 8*u**2 + 8*u - 1. Calculate z(l).
-8
Suppose 0 = 5*x - 2*d - 50, -3*d = -x - 6*d + 10. Let f(z) = -z - 12. What is f(x)?
-22
Let n(d) = -d - 1. Let p be (-16)/(-12)*3 + 5. Let l = 0 + p. Let t = 7 - l. Calculate n(t).
1
Suppose -3*c + 32 = 97*o - 95*o, 0 = -3*c - 4*o + 22. Let n(a) = -a**2 + 11*a - 13. Calculate n(c).
-55
Let v(p) be the third derivative of 0 + 1/6*p**4 + 0*p - 1/2*p**3 + 1/60*p**5 + p**2. What is v(-4)?
-3
Suppose 4*y + 2*h = 26, -2*y + 3*h + 0 = -17. Let b(n) = n**2 + 186 - 282 - 8*n + 104. Give b(y).
1
Suppose 20*w = 34 + 26. Let u(m) = -4*m - 6. Calculate u(w).
-18
Suppose -b - 3 = -2*b. Let p(k) = 3*k**3 - 10*k**2 + 16*k**2 + 6 + k - 2*k**b. Suppose -3*w - 6 = -4*v + 32, 3*w - 3*v + 33 = 0. Calculate p(w).
0
Let u(c) = -c**2 - 25*c - 138. Let a be u(-8). Let y(t) = -4*t - 3. What is y(a)?
5
Let c = -264 - -269. Let b(w) = -w**3 + 5*w**2 - w + 4. Calculate b(c).
-1
Let w(j) = -j**2 - 8*j + 9. Let a(n) = n**2 + 7*n - 8. Suppose 0 = 4*v + 3*z - 1 - 7, 5*v + 4*z = 9. Let y(h) = v*w(h) + 6*a(h). Give y(-4).
5
Suppose -2*w + 12 = -6*w. Let b be (-3)/(-9) + (-17)/w. Let j(y) = b*y + 0 - 3*y - 4*y**2 - 5 + 2. Determine j(2).
-13
Let a(d) be the first derivative of -d**4/4 + 8*d**3/3 - 4*d**2 + 16*d - 231. What is a(7)?
9
Suppose -3*f - 3*w = -3, 3*w - 3 = 2*f + f. Suppose f = 2*p - 8 - 0. Let r(a) = 0*a + a**3 - 2*a + a**2 + 3 - 5*a**2. Determine r(p).
-5
Let l(g) = -7*g**2 + 8*g + 4. Let b(w) = 5*w**2 - 8*w - 5. Let j(c) = 4*b(c) + 3*l(c). Calculate j(-6).
4
Let m = -23 + 49. Let v be 20*1*6/4. Let u = m - v. Let x(h) = 2*h + 1. Give x(u).
-7
Suppose 0 = -65*u + 55*u + 70. Let i(c) = -10*c + 5. Determine i(u).
-65
Let f(j) = 3*j - 2. Let i(l) = 4*l - 3. Let x(h) = -8*f(h) + 5*i(h). Suppose 0 = -4*p + 13*p - 36. Suppose -p*m - 3*w - 18 + 4 = 0, -m + w = 0. What is x(m)?
9
Let n(a) = a**2 - 9*a + 14. Let o(g) = -g**3 + 20*g**2 - 99*g + 7. Let q be o(9). What is n(q)?
0
Let a(s) = -s**2 + 4*s - 1. Suppose m - 4*m + 54 = 0. Suppose -m = -2*l - 7*l. What is a(l)?
3
Let x(c) = -3*c - 1. Suppose 11 = 15*p - 14*p. Let t(f) = -8*f - 2. Let w(o) = p*x(o) - 4*t(o). Give w(-10).
7
Let m(x) = x**2 - 9*x - 7. Suppose 0 = 3*r + 3*k - 8*k - 30, 0 = -3*r - 2*k + 9. Give m(r).
-27
Let j be 3 + -1 + -3 + -3. Let f be ((-6)/j)/(12/16). Let l(x) = -4*x**2. Determine l(f).
-16
Let h(c) = 10*c**3 - c**2 + c. Let i be (6 + -1 + 3)*1. Suppose 4*y - 3*s - 42 = 0, 5*s = s - i. Suppose m - 2*o + 4 + 3 = 0, m + 2*o = y. What is h(m)?
10
Suppose -2*h = -3*z + 18, -3*h - 2*h = z + 28. Let x(b) be the third derivative of 0 - 1/2*b**3 + 1/60*b**5 + 5/24*b**4 + 0*b + 3*b**2. Determine x(h).
3
Suppose -8*q + 126 = 166. Let f(g) = -g**3 - 4*g**2 + 6*g + 1. Give f(q).
-4
Let a(h) = -3 + 21*h + 8*h + 3*h**2 - h**3 + h**2 - 28*h. What is a(3)?
9
Let y(x) = -5*x - 3. Let d(u) = -217 + 217 - u. Let i(j) = 3*d(j) - y(j). Calculate i(-2).
-1
Let p(m) = -m**2 + 2*m + 3. Let g = -93 - -80. Let n be g/(91/28) + 1*2. Determine p(n).
-5
Suppose -11 = -2*g - 5*i, 0*g = 3*g - 2*i - 26. Let b(c) = -g + 0 + 3 + 2*c. Determine b(6).
7
Let d = -80 + 86. Let s(u) be the second derivative of u**3/6 + u**2/2 + 2*u. Let j(g) = -g**3 + g**2 + 7*g + 7. Let k(a) = d*s(a) - j(a). Give k(2).
1
Let k be 4 + (-2)/(1 - 3). Let h(y) = -y**2 + 7*y + 1. Give h(k).
11
Suppose r - 4*f = -4*r - 51, -3*f = -3*r - 30. Let h = -11 - r. Let j(x) = x - 1. Calculate j(h).
-1
Suppose -u = -3*a + 4, -2*a - 3*u - 4 = -25. Let t(o) = o**2 + 3. Give t(a).
12
Let s(t) = t + 12. Let j(c) = c - 1. Let m(p) = 3*p - 10. Let z(h) = 4*j(h) - m(h). Let o(l) = -3*s(l) + 5*z(l). Give o(8).
10
Let h = -2852 + 57041/20. Let d(u) be the second derivative of -10*u + 7/6*u**3 + 0*u**2 - h*u**5 + 1/2*u**4 + 0. Calculate d(7).
0
Let x(k) = 15*k + 59. Let r be x(-4). Let b(o) = -o - 1. Let j(y) = -y - 3. Let n(h) = 5*b(h) - 2*j(h). Calculate n(r).
4
Let m(o) = 17*o + 1. Suppose 0 = -3*r + 2*r - 1. What is m(r)?
-16
Let d be 5 + 4/((-4)/3). Let t(p) = 2*p**2 + 2*p - 2. Let y be t(d). Let n be (-14)/10 + y/25. Let j(z) = -2*z - 1. What is j(n)?
1
Suppose 0 = 2*q + 2*s + 12, 3*s = 5*q + 7 - 1. Let k(c) = -c + 3*c - 5 - c + 1. Give k(q).
-7
Let b be ((-17)/3 + 5)*-9. Let n(v) = -v - 5. Determine n(b).
-11
Let a(s) = -s**3 - 2*s**2 + 3*s. Let v(x) = -5*x - 58. Let z be v(-12). Determine a(z).
-10
Let q(j) be the first derivative of 1/4*j**4 - 1/2*j**2 + 0*j**3 + 2*j + 5. What is q(0)?
2
Let j = 5 - 2. Let w(s) = -4*s**j - 3*s + s**2 - 2*s + 1 + 4*s. Let n(v) = -2*v**3 + 79*v**2 - 36*v - 116. Let z be n(39). Calculate w(z).
-3
Let n(a) be the second derivative of -2*a**3/3 - a**2/2 - 3*a + 1. What is n(1)?
-5
Let j(o) = 2*o - 4. Let k = -565 + 562. Determine j(k).
-10
Let i(w) = -1. Let m be 1 + (-3 + 623)/(-4). Let c(s) = -7*s - 77. Let g(u) = m*i(u) + 2*c(u). Suppose 0*r - 17 = -3*z + 5*r, -r = 4. What is g(z)?
14
Suppose v - 5*z + 9 = -3, -3*v - 3 = -4*z. Suppose 0 = -3*c + a + 1 + 17, v*c + 3*a = 6. Suppose -c*j = 9 - 29. Let o(g) = 2*g + 1. What is o(j)?
9
Let v be (-3)/(-4)*(-240)/(-45). Suppose 2*w - p - 6 = 0, v*w - 4*p - 6 = 2*w. Let u(t) = t**2 + w*t**2 + 0*t**2 + 0*t - t. Give u(-1).
5
Let n = -38 - -38. Suppose 4*b - 8 = -n*d + d, -2*b - 2*d + 14 = 0. Let t(g) = g**3 - 3*g**2 + 3*g - 2. Determine t(b).
7
Let j(n) = n**2 + 13*n + 22. Suppose 3*c - 4*z = -c - 52, 3*c - 5*z + 43 = 0. Give j(c).
0
Let v be 24/7 + -4 - 54/(-21). Let k(c) = -5*c + 1. Give k(v).
-9
Let d(s) = -4*s**2 - 5*s - 1. Let l(y) = 2*y + 1. Let g(c) = d(c) + 5*l(c). Calculate g(-1).
-5
Let t(r) = 3*r**2 - 4*r - 6. Let a be t(-4). Let g = a + -61. Let n(o) = -o**3 - 4*o**2 - o. Determine n(g).
-6
Let f(c) = -2 + 7 - 4 + 5 - c. Suppose 0 = 5*s + 4*p + 73, 6*s - s - 4*p + 97 = 0. Let b = s - -22. Give f(b).
1
Let r(w) = -w + 13. Let l be r(16). Let t(f) = -2*f - 5. Let a(s) = 2 - 1 - 2. Let h(d) = -2*a(d) + t(d). Determine h(l).
3
Suppose 78 = -7*h - 6*h. Let n(r) = r**3 + 6*r**2 - 2*r + 4. What is n(h)?
16
Let r(a) = 104*a**2 - 316*a**2 + 101*a**2 + 12*a + 61 + 110*a**2. Determine r(16).
-3
Let q(r) = r**3 - 4*r**2 - 4*r - 6. Let h = -48 + 30. Let k be -1*((-2)/(-6) - (-96)/h). Give q(k).
-1
Let q(h) = 7*h - 11*h + 9 + 0 + 4*h**2 - 3*h**2 + 0*h**2. Give q(3).
6
Let i(v) = -4*v**2 - 12*v + 2. Let c be i(-4). Let g be (4 - c/21) + (-4)/6. Let w(q) = 3*q - 6. Calculate w(g).
6
Let v(z) be the second derivative of z**5/10 - z**4/2 + 2*z**3/3 - 443*z. What is v(3)?
12
Let j(y) be the second derivative of -y**4/12 + y**3/6 - 9*y**2/2 + y + 3. Let v = -2 + -1. Let w = v - -3. Calculate j(w).
-9
Let w(s) = -s**2 - 4*s + 2. Let m be w(-4). Let z be 12/7 + 18/63. Let i(y) = 2*y**m - y**2 + 1 + 0 - 2*y**z. Calculate i(-2).
-3
